20)*-24 + 2/2 prime?
False
Let t(j) = -362*j + 197. Is t(-12) a prime number?
False
Suppose 833 + 487 = -6*z. Let c = z + 777. Is c a composite number?
False
Let a = 21 + -14. Suppose a = -3*d + 13. Let c(m) = 36*m**2 + 2*m + 1. Is c(d) prime?
True
Is 1953 + 2 + (8 - 12) composite?
False
Let q(b) = -567*b - 2. Is q(-7) a composite number?
False
Let g be 0 + (0 + 1)*0. Suppose -5 = -b - 4*m, -5*m + 1 = -2*b - 2*m. Is 28 + 8 + b + g composite?
False
Suppose 2810 = 5*h - 5*k, -79*h + 76*h - 2*k + 1706 = 0. Is h a composite number?
True
Suppose -b = 2*b - 2676. Suppose -v + b = v. Is v prime?
False
Suppose j + 7 = 9. Suppose j*d = 4*d - 6, 4*x + 4*d = 3904. Is x a prime number?
False
Let n = 3 - -2. Suppose 2*i - 5*g - 11460 = -3*i, -4*g = n*i - 11433. Let t = 3268 - i. Is t prime?
False
Suppose -2*p - 2*p = -3*z + 9, 0 = 5*z + 3*p + 14. Is (17/85)/(z/(-3155)) composite?
False
Let b be (-2 - 10)/((-4)/10). Suppose 5*g - 8*n = -6*n - 15, 2*g + 12 = 2*n. Let o = b - g. Is o a prime number?
True
Suppose 28 = 5*f + 3. Suppose f*i - 7359 = -4*h, h = -i - 0*h + 1472. Let w = -762 + i. Is w composite?
False
Is (406380/(-120))/(2/(-4)) a composite number?
True
Let r be 760/(-30)*102/4. Let u = 911 + r. Is u prime?
False
Let i(j) = -984*j + 209. Is i(-15) a composite number?
False
Let z = 3067 - 2064. Is z composite?
True
Let k(v) = -3 + 0 + 7 + 2 - 629*v. Is k(-7) composite?
False
Let a(p) = p**3 + 47*p**2 + 133*p + 67. Is a(-36) a composite number?
True
Let q = 1433 - 715. Is q composite?
True
Let u(w) = 30*w**2 + 2*w - 1. Let t be (-12)/20 + 56/10. Let a be u(t). Suppose 3*p + 3*j = -j + 593, -4*p + a = -j. Is p a composite number?
False
Let h(d) = 3*d**2 - d - 4. Suppose 0 = -z + 7 - 10. Let b be h(z). Let x = b + -5. Is x a prime number?
False
Suppose -3*j - 9432 = -4*a - 8*j, -4*a - 2*j + 9444 = 0. Suppose 2*s - 947 = a. Is s composite?
True
Suppose 2*h + 2*c + 3*c = -18, 0 = 5*h + 3*c + 7. Is (2 + h)*151/1 a composite number?
True
Let f(n) = n**3 + n**2 - 5*n. Let b be f(4). Let z(a) = 10*a**2 + 5 + b*a**2 - 6 - 2*a**2. Is z(1) composite?
False
Suppose 0 = 2*c - u - 7, 3*c + 2*u - 22 = -2*c. Suppose 1800 = 4*l + c*p, l + 4*l - 2244 = p. Is l a prime number?
True
Is -4 - (-2941 - 8 - 6) prime?
False
Suppose 0 = 7*u - 3*u - 256. Is 1/(-2)*(-2 - u) a composite number?
True
Let d = -3981 + 5604. Is d a prime number?
False
Suppose 4*o + 96 - 40 = 0. Is ((-4)/(8/(-6)))/(o/(-742)) a prime number?
False
Suppose 6*m = -m + 99841. Is m prime?
False
Is -2 + (-72100)/(-7) + (-1)/(-1) prime?
False
Is 14/4*3806 + 7 + -1 composite?
False
Suppose -3*u + j = -2*u - 13, -u + 3*j + 15 = 0. Suppose 0*o + u = 3*o. Suppose -2*s = n - 47 - 106, -n = -o*s - 171. Is n prime?
False
Let x(p) = -158*p + 7. Let h be x(-6). Let y = h + -562. Suppose 3*c - y = -126. Is c a composite number?
False
Suppose -5*s + 3*l - 3 = 0, l - 1 = 4*s + s. Suppose g + 2*x - 56 = 0, s = -5*g - x + 3*x + 292. Is g composite?
True
Suppose -3*d - 860 = -5*n - 0*n, -d - 860 = -5*n. Let u = n + -45. Is u a composite number?
False
Let p(i) = -i**3 + 4*i**2 - 4*i + 2. Let o be p(2). Let w be (6*1)/(9/30). Is (88/w)/(o/10) composite?
True
Let h be -2 + (-18)/(-10) - (-118176)/80. Suppose -h = -4*f + 5151. Is f a prime number?
True
Suppose 4*c - 2*o = 22, -3*o - 6 - 2 = -c. Suppose -c*q + 2*l + 13 + 27 = 0, -4*q + 4 = 4*l. Is (-49625)/(-150) - (-1)/q a prime number?
True
Suppose -2*v = 0, -24 = -k - 5*v + 3127. Is k a prime number?
False
Is (2/3 - (-34)/(-204))*11530 a prime number?
False
Let a(u) = 6*u + 11. Let r be a(11). Let g = 328 - r. Is g a prime number?
True
Let u(h) be the second derivative of -5*h - 3/2*h**2 + 73/6*h**3 + 0. Is u(8) a composite number?
True
Suppose -2*v = -2*j + 13874, -3*j - 4*v = -9*v - 20803. Is j composite?
True
Suppose 3*j - 1104 = -3*h, -9*h - 2*j + 1855 = -4*h. Is h a prime number?
True
Let u = -7 + 11. Suppose 2*j + 2*j - 41 = -5*d, -5*j + 40 = u*d. Suppose j*t = 167 + 45. Is t a prime number?
True
Let n(z) = -2*z + 13. Let b be n(-4). Is (b - -2) + -7 + 5 a prime number?
False
Let x be ((3 + -3)/(-2))/1. Suppose 3*p + 976 = 4*y - 43, -4*y + 5*p + 1029 = x. Is y composite?
False
Suppose 5*h - 56699 - 18806 = 0. Is h composite?
False
Let l(m) = m**2 + 6*m + 4. Let h be l(-5). Let s(d) = -146*d - 1. Let y(t) = 3*t. Let u(v) = s(v) + y(v). Is u(h) a prime number?
False
Let a be (-540)/18*(-1)/3. Let s be (15 - a) + (-3)/1. Suppose -15 = -5*m, -v = -s*v - 3*m + 224. Is v prime?
False
Let r = 0 + 3. Suppose 0 = r*f + 12, 0*f = 3*a + 3*f + 3. Suppose -5*b + 518 = -a*b. Is b a composite number?
True
Let z = -4 - -1. Is (-3)/(z/(-4)) + 215 composite?
False
Suppose -8*h + 4*h - 3*j = -51, 5*h = j + 59. Suppose 28 = 4*y - 2*l + 6*l, -h = -3*l. Suppose 0 = -y*s + s + 316. Is s composite?
True
Let l(h) = 489*h**2 + 4*h. Let n(o) = 490*o**2 + 5*o. Let p(c) = 6*l(c) - 5*n(c). Is p(-1) a composite number?
True
Is 280624/24*(-15)/(-10) a composite number?
False
Suppose 3*h + d - 28 = 4*h, 0 = -5*d - 20. Let q be 2*5*(-29)/(-2). Let b = h + q. Is b a prime number?
True
Suppose -4*n - 2*t = 1876, -n = -6*n + 5*t - 2345. Let g = n - -803. Let m = -193 + g. Is m a prime number?
False
Let t = -2 - 11. Let l = t - -17. Is (-1 + (-90)/l)*-10 prime?
False
Let d(f) = 3*f**3 + 3*f**2 + f - 2. Let x be d(-2). Let g = x + 23. Suppose -2*w + 467 = 3*c, 5*w - g + 32 = 0. Is c composite?
True
Let h be 3*-1 + 0 + 7. Let g be (-16)/(-7) + (-4)/14. Suppose g*n = h*z - z + 103, 4*z = -12. Is n prime?
True
Let n = 395 + -260. Let b be ((-51)/3)/((-11)/4 - -3). Let q = n - b. Is q a composite number?
True
Suppose -4*g - 2683 = -171. Is (g/6)/((42/9)/(-7)) composite?
False
Suppose 3*l - 4*n = 5*l - 25314, 0 = n - 2. Is l a prime number?
True
Is (((-16)/4)/(-20))/(18/22120470) a composite number?
False
Suppose -3*k + 5*b + 64407 = 0, 0*b = -5*b. Is k composite?
True
Let j be 5*(10/(-5) - -4). Let i be (-176)/(-5) + (-2)/j. Suppose -327 = -2*x + i. Is x a composite number?
False
Let z(n) be the third derivative of 31*n**4/6 + n**3/2 + 31*n**2. Is z(5) prime?
False
Suppose m + 14798 = -6*m. Let z = m - -3621. Is z a composite number?
True
Suppose -3*w + 4*a = 2*w + 7, 2*a + 4 = 0. Is 18/w + 4 - -129 a composite number?
False
Let d = -4886 + 7455. Suppose 0 = -4*g - 3*g + d. Is g composite?
False
Let h(k) = 14*k**3 + 11*k**2 - 6*k + 2. Is h(6) a prime number?
False
Suppose 76096 = 24*x - 415112. Is x composite?
True
Suppose 5*l - 25 = -5*b + 10, -b - 5 = -2*l. Suppose 3*d - 3*h = 42, 5*d - 3*d - 40 = -l*h. Is (d/4)/(-2) + 295 a prime number?
True
Suppose 940*b - 941*b + 1817 = 0. Is b a prime number?
False
Let q = 1329 - 772. Let y = -336 + q. Is y prime?
False
Let r be ((-8)/5)/(24/(-60)). Let o(b) = 273*b + 25. Is o(r) a prime number?
True
Let h(n) = -80*n - 14. Let k be h(-7). Let z = -355 + k. Is z a composite number?
False
Is (3406/(-52))/(2/(-52)) a prime number?
False
Suppose x - 3*c = 1080, -5*x + 5*c + 3062 + 2318 = 0. Suppose -2*u + x = -4*b, -7*u + 2*u + b = -2703. Is u a prime number?
True
Suppose 0 = 5*z - 12628 - 13702. Suppose 16*s = 14*s + z. Is s prime?
True
Let w(a) = -a**3 + 11*a**2 + 18*a + 18. Let b be w(13). Let d = 165 + b. Is d prime?
True
Let s(c) = -c**2 - 6*c. Let i be s(-5). Suppose 4610 = i*u - 1705. Is u a composite number?
True
Suppose 3*b - 40*q + 43*q - 11898 = 0, 0 = -3*b + q + 11902. Is b composite?
False
Let u be (4/(-12))/(3/(-225)). Let t be (-1280)/(-50) - (-4)/10. Let q = t + u. Is q prime?
False
Let s be -4 + (-1)/((-20)/18 + 1). Suppose 0 = 5*f - f - 4*a - 10204, s*a - 5123 = -2*f. Is f a prime number?
False
Suppose -2*s - 12 = 2*s. Let d(f) = -31*f - 2. Let x(p) = 47*p + 3. Let t(l) = -7*d(l) - 5*x(l). Is t(s) prime?
True
Suppose -j + 87 = 2*u, 3*j = 2*u + 34 + 267. Suppose 2*k = 45 + j. Is k prime?
True
Is (-10)/5 - (3 + (-5747 - -5)) composite?
False
Let x = 11 - -13. Let i be (-5 + 1)/(3/(-1668)). Is i/x - (-1)/3 prime?
False
Let y = 98 + -90. Suppose 11*b - 2637 = y*b. Is b prime?
False
Let m be (-5214)/(-6) - (2 + 1). Suppose h = -4*z + m, z + 3*h = -115 + 326. Is z a composite number?
True
Suppose q + x + 0*x = -2, -4*x - 12 = 5*q. Suppose 2*m - 2 + 8 = 0. Is 21 + 1 - (m - q) a composite number?
True
Let f = -81 - -81. Suppose f = 5*c + 20, -2*k + 2453 = -2*